is the highest common divisor of j and p?
11
Let i(b) be the second derivative of 6*b + 0 + 1/2*b**3 - b**2. Let j be i(2). What is the greatest common divisor of j and 20?
4
Suppose 3*j - 2*j = -62. Let h = j + 90. What is the highest common divisor of 224 and h?
28
Let a = -5932 - -6366. What is the highest common factor of a and 98?
14
Let i = -16131 + 16194. Calculate the greatest common divisor of 182 and i.
7
Suppose 0 = 5*v - 2*g - 438, 0 = 44*v - 39*v + 4*g - 444. Calculate the highest common factor of v and 152.
8
Let f(y) = 0*y + 45 - 35 - 119 + 12*y. Let p be f(33). What is the greatest common factor of p and 41?
41
Suppose 40802 = 52*n - 11978. What is the greatest common factor of 105 and n?
35
Let q be 12/(-36) - (38/(-6) - -2). Suppose -3*g - q*g = 56. Let n be (-20)/(g/2) - 2/(-2). Calculate the greatest common factor of n and 18.
6
Suppose 0*u = -2*u + 28. Let x(i) = i**2 - 59*i - 682. Let j be x(69). Let q = u - j. What is the greatest common divisor of q and 54?
6
Suppose -4*b + 2*r = -300, 170 = 2*b - 4*r + 32. Let i be (7/(-1))/1*(-858)/b. Calculate the greatest common divisor of i and 195.
39
Let u(h) = 721*h - 133. Let c(y) = 38*y - 7. Let s(n) = -56*c(n) + 3*u(n). Let d be s(1). Let x = -10 - -24. Calculate the highest common divisor of d and x.
14
Suppose 0 = -100*k + 106*k - 246. Suppose 1801 = k*r + 202. Let d(v) = 66*v - 1. Let j be d(1). What is the highest common divisor of j and r?
13
Let f(n) = -n**3 + 2*n**2 - 2*n + 1. Let t be f(-4). Suppose 13*o = 8*o + t. Suppose -z + o = -1. What is the highest common divisor of 11 and z?
11
Let x(u) = 25*u**3 - u**2 - 4*u - 3. Let m be x(-1). Let q = m + 58. What is the greatest common divisor of 66 and q?
33
Let j(f) = 30*f**2. Let w be j(2). Suppose -5*h - 6*m + 204 = -5*m, -3*m + w = 3*h. What is the highest common divisor of h and 164?
41
Suppose -3709 = 11*p - 3863. Let j be (-42)/(-10 + 4 + 4). Calculate the greatest common divisor of j and p.
7
Suppose -14*r + 196 = -0. What is the greatest common divisor of r and 203?
7
Suppose 134*y + 27 - 166 + 5 = 0. What is the highest common factor of y and 1109?
1
Let p(j) = j**3 + 2*j**2 - 22*j + 55. Let y be p(4). Calculate the highest common divisor of 1827 and y.
63
Let g = -228 - -228. Suppose g = 18*p - 8*p - 220. What is the greatest common divisor of p and 506?
22
Suppose 0 = -65*w + 70*w - 10. Suppose 2*z - 456 = 4*d, 3*d - 7 = w. What is the highest common divisor of 26 and z?
26
Let q = -5682 - -6007. What is the highest common factor of q and 1?
1
Suppose -2*n - 811 = -793. Let q(m) = -m**3 - 7*m**2 + 13*m - 30. Let o be q(n). Suppose -6*x + x + 525 = 0. Calculate the greatest common factor of o and x.
15
Let f be (2332/(-33))/((-2)/3). What is the greatest common divisor of 10 and f?
2
Suppose 4*r + 2*g = 512, -4*r + 9*r - 2*g - 622 = 0. Let s = 248 - 190. Let f = -44 + s. Calculate the highest common factor of r and f.
14
Let f be -6*1 + 48 + -30. Let r be (-3 + -1 - -6) + f*1. Calculate the highest common divisor of 28 and r.
14
Let u = -18 - -72. Suppose 15 - 6 = -3*m, 4*m + 72 = 5*f. Let c be (6/(-24))/((-1)/f). What is the highest common divisor of c and u?
3
Let p = 13 + -13. Suppose p*l + 3*l = -5*l. Suppose f - 7 = -l*f. Calculate the highest common divisor of 63 and f.
7
Let m = 6 - -32. Let f = m - 36. Suppose -5*u = -5*i - 245, 2*i = f*u - 4*u + 102. Calculate the highest common divisor of 25 and u.
25
Let n = 16556 + -16324. What is the greatest common divisor of n and 1653?
29
Let i(v) = 65*v**2 + 21*v + 40. Let a be i(-2). What is the highest common divisor of 817 and a?
43
Let s(a) = a**2 + 10*a - 296. Let o be s(-23). Suppose 5*x = -j + 165, 6*x - 133 = 2*x - j. What is the highest common divisor of o and x?
1
Let b(z) = 2*z**2 - 5*z - 8. Let x be b(8). Suppose 6*f = f + x. Let u be (-7)/((-63)/66) - 16/(-24). Calculate the highest common factor of f and u.
8
Suppose -16717 = -m - g, 0 = -m - 15*m - 3*g + 267511. Calculate the highest common factor of 80 and m.
80
Suppose 124*a = 127*a - 126. Let x = a - -48. Calculate the highest common factor of x and 10.
10
Let g(k) = 2*k**2 + 66*k + 130. Let o be g(-31). What is the highest common factor of o and 2514?
6
Let h = -7 - -11. Let a be 36/(-2)*((-7)/(-2) - h). Suppose -2*g = o - 21, 0 = g + 2*g + 4*o - 39. Calculate the greatest common factor of a and g.
9
Suppose 10*b - 6*b = 10*b - 5994. Calculate the highest common factor of b and 27.
27
Suppose -5*l + 30 = 5*r, 4*l - 2*r + 0*r - 30 = 0. Let m(i) = 3*i + i - 9 - l*i. Let c be m(-6). Calculate the greatest common divisor of c and 6.
3
Let l(i) = 72*i - 2376. Let t be l(70). Calculate the highest common divisor of 592 and t.
296
Let g(h) = -545*h + 76. Let i be g(-7). Let l be (-36)/96 + i/8. What is the highest common divisor of l and 54?
54
Suppose 37*y + 116 = 375. Suppose 20 - y = k. What is the highest common factor of k and 39?
13
Let l = 10367 - 10345. Calculate the greatest common divisor of l and 82.
2
Suppose 162*y + 2611 = 4931 + 4160. Let k = -4 + 9. Calculate the highest common factor of k and y.
5
Let t = 167 - 163. Suppose 12*p = 17*p + v - 322, -t*v - 272 = -4*p. What is the highest common divisor of p and 20?
5
Let v be (-1 + 750 + -6)*-1. Let q = v - -792. What is the greatest common factor of 931 and q?
49
Let m be -2 - (-6)/4 - 78/4. Let x = 22 + m. Let s(u) = u**3 - 18*u**2 + 45*u + 5. Let q be s(15). Calculate the highest common factor of q and x.
1
Let x = -50 - 34. Suppose -11*j - 80 = 668. Let a = j - x. Calculate the greatest common divisor of 176 and a.
16
Let j = 455 + -359. Calculate the greatest common factor of 81 and j.
3
Let u(i) = -i**3 - 20*i**2 - 13*i - 64. Let k be u(-19). Let y = k + 186. Calculate the highest common divisor of 20 and y.
4
Let m(k) = k**3 - 23*k**2 + k - 24. Let u be m(21). Let c be 6/(-15) - u/25. What is the greatest common factor of c and 77?
7
Let i be (5 + -8 + 3)/(-1). Suppose -5092 = -i*q - 3*q - 2*w, 0 = -2*q - 2*w + 3392. Suppose -340 = 5*z - q. What is the highest common divisor of 16 and z?
16
Suppose -x - 118*f + 115*f = -213, -2*f + 222 = x. What is the greatest common divisor of x and 6180?
60
Let l be (-14)/3*(-15 - 3). Suppose -7*q + l = -3*q. Suppose b - 12 = v, 17 = b + 2*v - 4*v. Calculate the highest common divisor of b and q.
7
Suppose -3*x = 2*j - 387, -702*j - 5*x = -703*j + 187. What is the greatest common divisor of j and 5856?
96
Let o(d) = -3*d**3 + 10*d**2 + 5*d + 10. Let u be o(5). Let r be (-64)/40*(u/(-4))/(-3). Calculate the greatest common factor of r and 60.
12
Let k = 6813 - 6595. Calculate the greatest common factor of 2725 and k.
109
Let c be -6 - (9 + -43131 + 10). What is the greatest common divisor of 14 and c?
14
Let s = 16 + -15. Suppose -10*x + 693 = 193. Let l = x - 43. What is the greatest common divisor of s and l?
1
Suppose -5*n + 3 = 8. Let o be n/(((-2)/24)/((-22)/(-33))). Calculate the highest common factor of 52 and o.
4
Suppose 9*l - 2493 = 6*l. Let f = 881 - l. Calculate the highest common divisor of f and 60.
10
Let f be (-41)/(-1) + -2*(12 + -13). Let n(m) = m + 65. Let l be n(f). Calculate the greatest common factor of 54 and l.
54
Let j = -51 + 54. Let c(s) = -s**3 + 2*s**2 + 5*s - 3. Let q be c(j). Suppose -20*t - q = -23*t. Calculate the highest common factor of t and 14.
1
Let k = -51 - -125. Let g(v) be the second derivative of 11*v**3/6 + v**2/2 - 7*v. Let y be g(10). Calculate the greatest common factor of y and k.
37
Let t(q) = q + 2 - 4 + 126*q**2 + 1. Let l be t(1). Suppose 15*n + 115 = 4*i + 18*n, -2*i + 53 = -3*n. What is the highest common divisor of i and l?
14
Suppose 0 = -3*p + 5*j + 155 + 130, 4*j - 412 = -4*p. What is the greatest common divisor of p and 1100?
100
Let w be ((-783)/(-116))/(9/624). Let q(u) = 3*u**2 + 12*u. Let f be q(-6). What is the highest common factor of f and w?
36
Let c be 492/4 + (-8 - -25). What is the greatest common factor of 400 and c?
20
Let t = 123 - 35. Suppose 3*a = -a + t. Let v = -6854 - -7008. What is the highest common divisor of v and a?
22
Let z(n) = 3*n**3 - 5*n**2 + 4*n. Suppose 1 = -u + 5, 2*u = 2*h + 2. Let p be z(h). What is the greatest common divisor of 84 and p?
12
Let c be (-8)/6*(-75)/2. Suppose 8 = -2*n, -4*w + n = -9